 digit of d?
3
Let a be 192 + 1 + (-2 - -4). What is the tens digit of (-4)/36*-3*a?
6
What is the tens digit of 841 + -5*5/(-25)?
4
Suppose 3*n - 8*n = 15. What is the hundreds digit of ((-1170)/(-25))/(6/15) + n?
1
Let k = -18 - -25. Suppose 6*f + 1 = k. Let j(s) = 6*s**2. What is the units digit of j(f)?
6
Let k(o) = -o + 16. Suppose -2*v - 14 - 10 = 0. Let s be 124/v + (-4)/6. What is the tens digit of k(s)?
2
Let k(q) = 231*q**2 - 23*q + 99. What is the thousands digit of k(4)?
3
Suppose 3*c - 427 = -2*i, 5*i = 4*i + 4*c + 230. What is the units digit of i?
8
Let o = -79 + 84. Suppose 0*j = -o*j + 400. What is the tens digit of j?
8
Let y = -2 - -4. Suppose -y*z + 117 = 2*s + s, -5*s = -4*z + 289. Suppose 0 = -4*h + 3*p + 132, p = -2*h + 2*p + z. What is the tens digit of h?
3
Let r = 376 + -248. What is the tens digit of r?
2
Suppose -5*m - j + 2482 = 0, j - 171 - 323 = -m. What is the units digit of m?
7
Suppose 0 = 5*d - 15, 5*d - 10003 = -2*g + 812. What is the hundreds digit of g?
4
Let n be (4/(-6))/((-4)/30). Suppose -3*i + 51 + 338 = n*a, 2*a - 168 = 5*i. What is the units digit of a?
9
Let q = 2153 - -765. What is the tens digit of q?
1
Let l be 28/21 - (-2)/3. Suppose 0 = -7*o + l*o + 50. Let b = -1 + o. What is the units digit of b?
9
Suppose -19*q + 20*q = 4. Suppose 211 = a + q*a + p, 2*a - p = 83. What is the tens digit of a?
4
Let n(p) = 2*p + 8. Let f(l) = -3*l - 7. Let x(z) = -3*f(z) - 4*n(z). Let g be x(13). Suppose 2*b - g = 20. What is the tens digit of b?
1
Let k(c) = 6*c**2 - 6*c + 9. What is the tens digit of k(4)?
8
Suppose 18334 = 7*n - 895. What is the thousands digit of n?
2
Suppose 0 = 23*n - 21*n - 2580. What is the tens digit of n?
9
Suppose k + 6 = 5*q, -8 = 4*q - 4*k - 0*k. Suppose -b - 3 = -5*h, 6 + 0 = -2*b - q*h. Let w(z) = -z**3 - z + 1. What is the units digit of w(b)?
1
Let r(u) = 13*u + 13. Let b be r(-10). Let h be (-1 - (-2)/3)*b. Suppose -3*x = 3*f - 36, h = -3*x + 7*x - 5*f. What is the units digit of x?
1
Let q(r) = -r**3 + 5*r**2 - 7. Let u be q(4). Suppose 5*s - u = 91. What is the tens digit of s?
2
Let q = 57 + -45. Suppose 12 = 12*t - q. What is the units digit of t?
2
Suppose a + s + 2*s - 717 = 0, a - 4*s - 752 = 0. What is the tens digit of 0 + -1 + a/(18/3)?
2
Suppose 0 = -2*a + 283 - 213. What is the units digit of a?
5
Suppose -275*o = -279*o + 3356. What is the hundreds digit of o?
8
Let c be (-7)/(2 + 2/(-2)). Let f be (0 + -3)/(c/(-21)). Let s = f + 16. What is the units digit of s?
7
Suppose -5*o - 3*t - 911 = 0, 4*o = 5*t - 497 - 254. Let j = o - -324. What is the hundreds digit of j?
1
Suppose -4*r + 121 = 4*x + r, 2*x - 62 = -4*r. What is the tens digit of x?
2
Let l be (-10)/(-15) + 194/6. Let z = 35 + l. What is the units digit of z?
8
Let x be (-2 - -3)/(-4 - (-3581)/895). Suppose -66*i + x = -61*i. What is the units digit of i?
9
Let s(p) = p**2 + 4*p + 40. Let i be (-9)/((-4 - -2)/(-2)). What is the units digit of s(i)?
5
Suppose -p + 3 = -4*p, 5*l - 2*p - 2 = 0. Suppose -w + 10 - 8 = l. Suppose -28 = w*t - 3*t. What is the units digit of t?
8
Suppose 4*p + 85 = -5*m + 968, -5*m = -4*p + 893. What is the hundreds digit of p - (1 + 3 + 1)?
2
Let p(r) = 20*r**2 - 24*r + 228. What is the hundreds digit of p(-14)?
4
Let o(g) = -g**3 - 25*g**2 + 50*g - 22. Let j be o(-27). Let f = j - -49. What is the hundreds digit of f?
1
Suppose -13*l + 2*l = -8690. What is the tens digit of l?
9
Let n be ((-7)/(-2))/(2/(-4)). Let r = 12 + n. Suppose g = s - 19, 0 = 3*s - r*s - 3*g + 43. What is the tens digit of s?
2
Let n = 1221 + -828. What is the hundreds digit of n?
3
Let u(p) = 10*p - 9. Let b(k) = -1 - 5 + 15*k - 8*k. Let c(d) = -7*b(d) + 5*u(d). What is the units digit of c(6)?
3
Let r(v) = -v**3 - 10*v**2 + 12*v + 24. Let a be r(-11). What is the tens digit of 10 - a - -22*2?
4
Let h(u) = -u**3 - 7*u**2 - 12*u - 36. Let c be h(-6). Suppose c = -7*a + 218 + 258. What is the tens digit of a?
6
Let q(t) = -13*t + 1 + 16*t**3 - 7*t**3 + 22*t**2 - 11 - 8*t**3. What is the hundreds digit of q(-22)?
2
Let t = 4413 + -2048. What is the units digit of t?
5
Suppose 2*p = -3*d + 1113, -5*p + 5*d = -334 - 2511. What is the hundreds digit of p?
5
Let s be ((-7)/28)/((-2)/40). What is the units digit of (0 + s/5)*55?
5
Let a(o) = 146*o**2 - 8*o - 14. What is the tens digit of a(-2)?
8
Let l be -184 - (-3 + 0 + 6). Let z = -149 - l. What is the units digit of z?
8
What is the tens digit of (2 + 1813/3)*(-6 + 9)?
1
Let x(g) = 7 - 3*g - g**3 - g - 4 + 5*g**2 - g. Let r be x(4). What is the units digit of 2/(-4)*(-9 + r)?
5
Let u = 127 - 121. What is the units digit of u?
6
Let h be -13*2*(-12)/(-8). Let u be 2/4 + h/(-6). Suppose -k = -u*k + 360. What is the tens digit of k?
6
Let a(o) = 16*o + 1. Let g be a(2). Suppose -y + 4*f + 7 = -1, 0 = y + f - g. What is the tens digit of y?
2
Let m(h) = -66*h + 3. Let a be m(-1). Suppose -27 = -4*t + a. What is the units digit of t?
4
Let y be ((-22)/4)/((-19)/114). Suppose -d + 33 = o, -y + 6 = -o - 3*d. What is the units digit of o?
6
Let g(y) = -63*y**3 + y. Suppose 12*s = 11*s - 1. What is the tens digit of g(s)?
6
Suppose -c - 2*c = -j - 7, -3*c + 2*j = -2. Suppose -5*w - z = 247, -96 = 3*w - c*z + 43. Let b = -32 - w. What is the tens digit of b?
1
Suppose -2*l + 7*n = 4*n - 1969, 4*n + 1974 = 2*l. What is the tens digit of l?
7
Suppose -y - 1 = 2, 5*y = 4*o - 15. Let r = o + 137. What is the hundreds digit of r?
1
Suppose -128 = -2*r + 140. Suppose -4*a + r = -390. What is the units digit of a?
1
Suppose 5*c - 2*c - 6 = 0. Let m(w) = w - 6. Let t be m(c). What is the tens digit of 6/t*(-1760)/66?
4
Suppose 5*o + 12330 = 5*q, 56*q - 51*q = -o + 12318. What is the units digit of q?
4
Let h = 818 - 557. What is the units digit of h?
1
Let v(t) = -3*t - 9 + 3 + 33*t**2 - 31*t**2. What is the units digit of v(7)?
1
Let n be (-83)/(((-2)/(-4))/(-1)). Let k = n - -5. What is the tens digit of (-4 - (-26)/6)*k?
5
Suppose -5*a - 113 = -3*g - a, -2*g + 87 = -5*a. Let z be g/(-11) + 4/(-22). What is the tens digit of ((-330)/20)/(z/4)?
2
Let l(m) = -m**3 - 5*m**2 + 14*m - 2. Suppose -3*a + 2*c = 13, 0 = a - c + 4*c + 19. Let q be l(a). What is the tens digit of q/19 + (-6282)/(-114)?
5
Let q be (4 - -20) + (-4)/(-2)*-1. Let a = 28 + -15. Let h = a + q. What is the units digit of h?
5
Suppose 4151 = 3*f + i, 8*f - 11*f + 4153 = 2*i. What is the tens digit of f?
8
Let r(j) = 83*j**2 + 21*j - 8. What is the thousands digit of r(-6)?
2
Let k = 201 - 101. Let c = 26 + k. What is the units digit of c?
6
Suppose 855 = 14*x - 11*x. What is the hundreds digit of x?
2
Let r be (-95)/(-2)*(2 + 30/(-25)). What is the units digit of (r/3)/(11/33)?
8
Let p(d) = -d - 20. Let u be p(0). Let j = u - -24. Let s = j - -7. What is the tens digit of s?
1
Let o = -9 + 11. Suppose -182 = -o*k - 0. What is the tens digit of k?
9
Let h(i) = i**2 - i - 4. Let n be h(3). Let g(l) = 11*l - 1. What is the tens digit of g(n)?
2
Let i = 185 + 88. What is the hundreds digit of i?
2
Suppose 2*z - 4*z + 178 = 0. Suppose -25 + 4 = -5*v + l, 2*v + l - 14 = 0. What is the units digit of z/v + 14/70?
8
Let u = -59 + 61. Suppose 4*q + 2*t = 190, 2*t - 35 - 61 = -u*q. What is the tens digit of q?
4
Suppose 2684 = 60*w - 58*w. What is the tens digit of w?
4
Suppose -2*q = 2*k - 10, 1 = 3*q + 2*k - 13. What is the tens digit of ((60/(-9))/q)/((-3)/126)?
7
Let k(q) be the first derivative of 7*q**2/2 + 27*q - 27. What is the hundreds digit of k(16)?
1
Let h be 1*96 - (14 - 2)/(-4). What is the hundreds digit of (h - (1 + -5)) + 2?
1
Let r = 11 + -9. Suppose -4*k + 281 = f + 4*f, -r*f = -3*k + 228. What is the tens digit of k?
7
Let n(w) = -w**3 - 2*w**2 + 12*w + 184. What is the units digit of n(0)?
4
Let g(t) = -3*t**3 - 105*t + 9 - 102*t - 2*t**2 + 211*t. What is the tens digit of g(-4)?
5
Suppose -w + 4453 = 4*f, 3*f - 4*f + 1117 = 4*w. What is the hundreds digit of f?
1
Let r(k) = 5*k**2 - 4*k - 14. Let g(v) = v**3 + 10*v**2 - 13*v - 16. Let p be g(-11). What is the units digit of r(p)?
2
Let s = 5662 - 981. What is the hundreds digit of s?
6
Let g be 2/(-4) - (-7)/2. Suppose -8 = -g*z + t, z - 12 = 3*z - 5*t. Suppose z*l + 2*v = -0*l + 94, 4*v = 20. What is the tens digit of l?
2
Let x be (4 + 